0933412.
2, 3, 13, 38595727
List the prime factors of 255600092.
2, 11, 5809093
List the prime factors of 93605305.
5, 19, 89, 11071
List the prime factors of 65963141.
65963141
What are the prime factors of 64131404?
2, 43, 179, 2083
What are the prime factors of 4841656229?
31, 156182459
List the prime factors of 1710230317.
37, 46222441
What are the prime factors of 1189762399?
7, 43, 727, 5437
What are the prime factors of 100053439?
37, 59, 45833
What are the prime factors of 21999919?
67, 328357
What are the prime factors of 5671683?
3, 461, 1367
What are the prime factors of 3707933296?
2, 19, 67, 182047
List the prime factors of 226999360.
2, 5, 7, 31, 467
List the prime factors of 562996350.
2, 3, 5, 7, 367, 487
What are the prime factors of 29886991?
41, 157, 4643
What are the prime factors of 96432217?
7, 13776031
List the prime factors of 389382123.
3, 13, 59, 197, 859
List the prime factors of 591737489.
7, 29, 73, 547
What are the prime factors of 113009523?
3, 11, 17, 18313
What are the prime factors of 877212494?
2, 1171, 374557
What are the prime factors of 86095797?
3, 53, 541483
List the prime factors of 512581994.
2, 17, 1193, 12637
List the prime factors of 466786609.
557, 838037
What are the prime factors of 72638488?
2, 13, 698447
What are the prime factors of 107398427?
733, 146519
What are the prime factors of 928913825?
5, 7, 193, 3929
List the prime factors of 355472449.
2087, 170327
List the prime factors of 19831869.
3, 2203541
List the prime factors of 670709260.
2, 5, 13, 2579651
What are the prime factors of 356025110?
2, 5, 7, 1087, 4679
List the prime factors of 279132350.
2, 5, 7, 17, 43, 1091
List the prime factors of 4783854301.
61, 173, 453317
List the prime factors of 350636083.
7, 1583, 31643
What are the prime factors of 36238431?
3, 12079477
What are the prime factors of 932651229?
3, 17, 53, 389, 887
What are the prime factors of 891408644?
2, 7, 31836023
List the prime factors of 345349266.
2, 3, 57558211
What are the prime factors of 1246858819?
23, 37, 63703
List the prime factors of 65071703.
1951, 33353
List the prime factors of 643233671.
643233671
List the prime factors of 139390178.
2, 69695089
List the prime factors of 180187765.
5, 36037553
List the prime factors of 1302184301.
11, 118380391
List the prime factors of 210194175.
3, 5, 29, 241, 401
What are the prime factors of 90525405?
3, 5, 19, 191, 1663
List the prime factors of 126433495.
5, 25286699
List the prime factors of 371404041.
3, 123801347
List the prime factors of 553667614.
2, 47, 5890081
List the prime factors of 274373624.
2, 7, 23, 213023
List the prime factors of 37168235.
5, 13, 383, 1493
List the prime factors of 517204874.
2, 193, 1339909
What are the prime factors of 783022133?
6053, 129361
List the prime factors of 50006324.
2, 23, 29, 18743
List the prime factors of 666664971.
3, 7, 31745951
List the prime factors of 3331642854.
2, 3, 1039, 534431
What are the prime factors of 4720408765?
5, 8963, 105331
List the prime factors of 32381838.
2, 3, 17, 23, 43, 107
List the prime factors of 101666611.
131, 229, 3389
List the prime factors of 76826853.
3, 43, 66173
What are the prime factors of 331432846?
2, 19, 8721917
List the prime factors of 172112149.
11, 15646559
What are the prime factors of 166246686?
2, 3, 43, 214789
List the prime factors of 156053644.
2, 1039, 37549
What are the prime factors of 76531776?
2, 3, 277, 1439
List the prime factors of 2152448365.
5, 67, 6425219
List the prime factors of 806449994.
2, 7, 4567, 12613
What are the prime factors of 94955115?
3, 5, 17, 73, 5101
List the prime factors of 763635189.
3, 17, 797, 18787
List the prime factors of 278134566.
2, 3, 53, 874637
List the prime factors of 1058840285.
5, 37, 5723461
List the prime factors of 540973287.
3, 167, 359929
List the prime factors of 1815446122.
2, 7, 151, 223, 3851
What are the prime factors of 482333747?
7, 131, 593, 887
What are the prime factors of 14716914?
2, 3, 229, 10711
List the prime factors of 298881769.
14869, 20101
List the prime factors of 42700732.
2, 61, 175003
What are the prime factors of 7212446295?
3, 5, 151, 3184303
What are the prime factors of 2816811567?
3, 47, 739, 9011
List the prime factors of 144680757.
3, 13, 1237, 2999
List the prime factors of 79287103.
7, 547, 20707
List the prime factors of 78907030.
2, 5, 17, 173, 2683
What are the prime factors of 3735387?
3, 41, 53, 191
List the prime factors of 344774425.
5, 467, 29531
What are the prime factors of 11426109?
3, 373, 10211
What are the prime factors of 104535204?
2, 3, 8711267
What are the prime factors of 35738833?
13, 947, 2903
What are the prime factors of 151733969?
151733969
What are the prime factors of 8608593?
3, 7, 409933
List the prime factors of 214034083.
214034083
List the prime factors of 2708783008.
2, 84649469
List the prime factors of 6325899609.
3, 479, 4402157
List the prime factors of 1801328668.
2, 19, 23701693
What are the prime factors of 47902974?
2, 3, 7, 17, 23, 2917
What are the prime factors of 18739864?
2, 11, 13, 16381
What are the prime factors of 1345667118?
2, 3, 23, 71, 137341
List the prime factors of 146535433.
11, 13321403
What are the prime factors of 18157253?
18157253
List the prime factors of 1263947182.
2, 167, 3784273
What are the prime factors of 1185128550?
2, 3, 5, 877873
List the prime factors of 823709666.
2, 13, 3331, 9511
List the prime factors of 499152906.
2, 3, 7, 191, 2963
What are the prime factors of 3449943309?
3, 1149981103
What are the prime factors of 7449492002?
2, 3724746001
What are the prime factors of 2234779097?
79, 461, 61363
List the prime factors of 1853040898.
2, 29, 1101689
What are the prime factors of 62547279?
3, 37, 563489
What are the prime factors of 1266795766?
2, 17, 113, 329723
List the prime factors of 1270480564.
2, 31, 337, 30403
List the prime factors of 172124892.
2, 3, 1593749
What are the prime factors of 16511226?
2, 3, 43, 63997
What are the prime factors of 325645911?
3, 36182879
What are the prime factors of 118692753?
3, 19, 269, 7741
What are the prime factors of 39180514?
2, 19590257
What are the prime factors of 2819016?
2, 3, 31, 421
List the prime factors of 69746507.
173, 403159
List the prime factors of 67325605.
5, 13465121
What are the prime factors of 47769212?
2, 11942303
What are the prime factors of 349128662?
2, 1931, 90401
What are the prime factors of 18669375?
3, 5, 3319
List the prime factors of 11173216.
2, 17, 19, 23, 47
List the prime factors of 581192249.
11, 52835659
What are the prime factors of 104448504?
2, 3, 1433, 3037
What are the prime factors of 126089193?
3, 227, 185153
List the prime factors of 476317869.
3, 41, 3872503
List the prime factors of 353736006.
2, 3, 13, 47, 2053
What are the prime factors of 224359141?
224359141
List the prime factors of 1123838813.
157, 2357, 3037
List the prime factors of 23099208.
2, 3, 11, 59, 1483
List the prime factors of 45660278.
2, 547, 41737
List the prime factors of 320509507.
317, 1011071
List the prime factors of 2462619037.
3733, 659689
What are the prime factors of 452277764?
2, 4817, 23473
What are the prime factors of 165509313?
3, 55169771
List the prime factors of 12431545.
5, 7, 50741
What are the prime factors of 24629686?
2, 31, 397253
What are the prime factors of 7825397?
19, 53, 409
What are the prime factors of 6716495?
5, 1343299
List the prime factors of 83433365.
5, 17, 981569
What are the prime factors of 160481839?
7, 37, 619621
What are the prime factors of 84650943?
3, 13, 2170537
What are the prime factors of 81268962?
2, 3, 29, 467063
List the prime factors of 153295102.
2, 29, 2643019
What are the prime factors of 6592780163?
29, 857, 265271
List the prime factors of 301186227.
3, 53, 1894253
List the prime factors of 900336873.
3, 37, 59, 137477
What are the prime factors of 325060207?
37, 113, 77747
List the prime factors of 69047667.
3, 13, 196717
List the prime factors of 149844048.
2, 3, 97, 32183
List the prime factors of 556074822.
2, 3, 92679137
What are the prime factors of 3462031327?
47, 1861, 39581
List the prime factors of 534501908.
2, 133625477
List the prime factors of 238409247.
3, 227, 350087
What are the prime factors of 2367760